 6. Give a(-2).
4
Let y(c) = -153*c + 1843. What is y(12)?
7
Let r(m) = -4*m - 13. What is r(10)?
-53
Let d(q) = -4*q + 15. What is d(-7)?
43
Let v(k) = 3*k - 6. What is v(2)?
0
Let i(w) = w**3 - 10*w**2 - 16*w + 7. Determine i(11).
-48
Let j(m) = 2*m**2 - 35*m - 9. Calculate j(18).
9
Let i(m) = 22*m - 263. Give i(12).
1
Let h(t) = 14*t - 33. Calculate h(8).
79
Let g(o) = -2*o**2 + 56*o + 35. Calculate g(28).
35
Let n(a) = -2*a**2 + 28*a - 43. What is n(11)?
23
Let i(f) = f**3 + 2*f**2 - 5*f + 2. Determine i(2).
8
Let g(u) = u - 2. Determine g(0).
-2
Let r(m) = 2*m**2 + 17*m - 8. Determine r(-6).
-38
Let y(a) = -a**3 - 24*a**2 - 107*a + 7. Calculate y(-18).
-11
Let c(x) = -3*x + 7. Calculate c(3).
-2
Let o(g) = -4*g**2 + 5*g - 2. What is o(3)?
-23
Let i(p) = p**3 - 6*p**2 - 2*p + 8. What is i(6)?
-4
Let b(p) = -5*p**2 + 89*p - 1. Give b(18).
-19
Let g(z) = -z**3 - z**2 + 10*z + 3. Determine g(3).
-3
Let o(f) = -2*f - 4. Calculate o(-1).
-2
Let t(b) = -25*b - 232. Determine t(-9).
-7
Let n(j) = j**2 - 4*j - 40. What is n(-8)?
56
Let f(b) = b + 25. Calculate f(-22).
3
Let j(k) = k**3 + 8*k**2 - 9*k + 1. Calculate j(-9).
1
Let w(a) = -a**3 - 4*a**2 - 2*a - 4. Determine w(-4).
4
Let p(t) = -2*t + 1. Determine p(-18).
37
Let s(y) = y**3 - 5*y**2 + 8*y - 20. What is s(4)?
-4
Let h(m) = -21*m + 20. What is h(-5)?
125
Let y(r) = 34*r**3 + 3*r**2 + 2*r. What is y(-1)?
-33
Let q(d) = 7*d - 38. Give q(6).
4
Let g(j) = -j**3 + 77*j**2 - 225*j + 225. Calculate g(74).
3
Let f(v) = 7*v - 169. Determine f(27).
20
Let s(n) = 9*n + 47. Determine s(-7).
-16
Let y(x) = -x**3 + 6*x + 4. Calculate y(-4).
44
Let g(n) = -9*n - 2. Give g(-13).
115
Let s(j) = j**2 - 7*j - 7. What is s(6)?
-13
Let n(o) = 73*o - 574. What is n(8)?
10
Let y(n) = 7*n + 49. Determine y(-7).
0
Let f(y) = -11*y**3 + 2*y - 1. Give f(1).
-10
Let k(x) = -2*x**2 - 17*x + 2. Give k(-9).
-7
Let d(b) = b**3 - 7*b**2 - 9*b + 3. Determine d(8).
-5
Let f(r) = -2*r**2 - 7*r - 1. Determine f(-5).
-16
Let r(z) = -4*z - 44. Determine r(-10).
-4
Let t(l) = -4*l + 21. What is t(2)?
13
Let a(v) = v**3 - 2*v**2 - v - 1. Give a(3).
5
Let f(l) = -l**3 + 20*l**2 - l + 27. Calculate f(20).
7
Let f(b) = 4*b + 7. What is f(-3)?
-5
Let q(b) = -b**3 + 7*b**2 + 5*b - 5. Give q(8).
-29
Let w(a) = -a**2 - 5*a + 9. Determine w(2).
-5
Let m(z) = 3*z - 69. What is m(0)?
-69
Let n(z) = 29*z**2 - 3*z + 5. What is n(2)?
115
Let n(a) = -26*a + 1. Give n(1).
-25
Let b(i) = -18*i - 129. Give b(-6).
-21
Let j(u) = -u**2 - 3*u + 5. What is j(-5)?
-5
Let o(j) = -j**2 - 11*j + 13. What is o(-12)?
1
Let g(k) = k + 19. Determine g(-6).
13
Let g(k) = -k**3 + 5*k**2 + 15*k + 63. Calculate g(8).
-9
Let p(o) = o**3 + 12*o**2 + 28*o + 79. What is p(-10)?
-1
Let w(s) = 2*s**2 + 15*s + 1. What is w(-6)?
-17
Let n(l) = 3*l**2 - l + 1. Give n(1).
3
Let v(h) = h**2 - 5*h + 5. What is v(4)?
1
Let y(r) = 15*r - 22. What is y(1)?
-7
Let w(v) = -10*v + 97. What is w(8)?
17
Let f(v) = -2*v - 16. Give f(10).
-36
Let k(o) = 2*o**2 - 20*o + 2. Determine k(9).
-16
Let q(u) = -86*u - 137. Determine q(-2).
35
Let x(t) = 2*t + 20. Determine x(-14).
-8
Let b(y) = -y**2 + 20*y + 23. Calculate b(21).
2
Let s(q) = -q - 34. Give s(-25).
-9
Let k(r) = r**3 - 11*r - 13. Determine k(-2).
1
Let j(y) = -2*y**2 + 4*y - 4. Determine j(3).
-10
Let b(c) = -6*c + 20. Calculate b(2).
8
Let x(c) = c**3 - 4*c**2 - 3*c + 1. What is x(5)?
11
Let a(x) = x**3 + 5*x**2 + 4*x + 4. What is a(-5)?
-16
Let c(d) = d**3 - 13*d**2 - 2*d + 22. Determine c(13).
-4
Let z(q) = 21*q**2 + 18*q + 2. Determine z(-1).
5
Let w(q) = 2*q**2 + 9*q - 2. What is w(-5)?
3
Let r(d) = -d**3 - 9*d**2 - 4*d - 13. Determine r(-9).
23
Let n(l) = -2*l + 9. Give n(-8).
25
Let y(s) = -s + 4. What is y(0)?
4
Let d(f) = -8*f**3 + 5*f**2 + f - 5. Calculate d(2).
-47
Let i(m) = -m**2 + 14*m + 11. What is i(12)?
35
Let u(j) = j**3 - j**2 + 6*j - 9. Determine u(4).
63
Let x(n) = -23*n - 1490. What is x(-65)?
5
Let l(b) = -b**3 - 16*b**2 + 19*b + 38. What is l(-17)?
4
Let r(p) = -p**3 - 9*p**2 + 6*p + 20. Determine r(-9).
-34
Let b(w) = -w - 10. Give b(-4).
-6
Let z(v) = -v**3 - 21*v**2 + 23*v + 27. Determine z(-22).
5
Let m(a) = -3*a + 46. Give m(15).
1
Let w(n) = n**3 + 6*n**2 + 8*n - 4. Give w(-6).
-52
Let r(j) = j**3 + 2*j**2 + j + 22. Determine r(-3).
10
Let g(q) = -q**3 - q**2 + 13. Calculate g(3).
-23
Let p(a) = a**2 - 11*a - 66. Determine p(15).
-6
Let f(s) = -s**2 - 9*s + 165. What is f(-18)?
3
Let m(f) = -3*f - 11. Determine m(-2).
-5
Let r(l) = l**3 - 9*l**2 - 8*l - 19. Give r(10).
1
Let m(x) = 10*x**2 - 4*x - 3. What is m(5)?
227
Let n(u) = u**3 - 11*u**2 + 10*u + 11. Give n(10).
11
Let z(p) = -5*p**2 - 3*p - 9. Give z(-2).
-23
Let m(y) = -y**3 + 21*y**2 - 39*y + 44. Determine m(19).
25
Let f(z) = -3*z + 22. Calculate f(7).
1
Let a(z) = -z**2 - 2*z - 9. What is a(-4)?
-17
Let i(a) = -7*a - 1. Give i(-1).
6
Let q(i) = -i**3 + 7*i**2 - 8*i + 6. Give q(4).
22
Let i(f) = f**2 - 9*f + 12. Determine i(8).
4
Let f(i) = -9*i - 87. Calculate f(-10).
3
Let c(l) = -l**3 - 2*l**2 + l - 3. Calculate c(0).
-3
Let x(k) = -k**3 + 21*k**2 - 22*k + 36. Determine x(20).
-4
Let x(d) = -24*d - 15. Give x(3).
-87
Let k(f) = 34*f**3 - f + 1. Calculate k(1).
34
Let u(p) = p**2 + 8*p + 6. What is u(-7)?
-1
Let p(k) = -4*k + 72. Give p(20).
-8
Let q(m) = m**3 + 7*m**2 - 6*m - 18. Give q(-8).
-34
Let u(x) = x**2 + x - 1. Give u(2).
5
Let u(f) = 4*f**2 - 9*f + 2. Give u(5).
57
Let w(k) = -5*k**2 + 2*k + 1. Calculate w(4).
-71
Let g(k) = -k**3 - k**2 - k + 2. Calculate g(0).
2
Let c(d) = -5*d**2 + 3*d + 32. What is c(-3)?
-22
Let n(d) = d**3 - 13*d**2 + 4*d - 17. Calculate n(13).
35
Let y(v) = 2*v**2 + 21*v + 2. Give y(-5).
-53
Let j(c) = c**3 - 11*c**2 - 12*c + 3. Give j(12).
3
Let k(s) = 11*s**2 - s - 5. Give k(3).
91
Let y(j) = -j**2 + 18*j - 1. What is y(18)?
-1
Let p(z) = -2*z**2 + 11*z - 7. Calculate p(6).
-13
Let p(r) = 10*r + 232. What is p(-23)?
2
Let a(c) = -c**2 + c + 24. What is a(-4)?
4
Let n(l) = -5*l**2 - l + 9. Give n(-2).
-9
Let m(a) = -a**3 + a**2 - 19. Give m(0).
-19
Let h(g) = g**2 + 9*g + 2. Determine h(-11).
24
Let q(x) = x**2 - 12*x - 9. Give q(12).
-9
Let p(h) = 5*h**2 + 20*h + 4. What is p(-4)?
4
Let x(p) = -2*p**2 + 79*p + 37. Calculate x(40).
-3
Let z(r) = -2*r**2 + 9*r + 13. Determine z(6).
-5
Let x(a) = -2*a**2 + 45*a - 94. Determine x(20).
6
Let j(m) = m**3 - 4*m**2 + 2*m - 2. Calculate j(3).
-5
Let a(g) = g**3 - 6*g**2 + g + 2. Calculate a(5).
-18
Let y(o) = -3*o - 1. Determine y(-1).
2
Let w(r) = r - 3. Give w(-2).
-5
Let s(j) = -j - 8. Determine s(-12).
4
Let a(h) = h**2 - 14*h + 39. Calculate a(12).
15
Let s(h) = -h**3 + 5*h**2 - 5. Give s(5).
-5
Let g(i) = i**3 - 9*i**2 - 2*i - 5. Calculate g(9).
-23
Let i(w) = 2*w**2 - 37*w - 6. Determine i(18).
-24
Let l(a) = -2*a**3 - a**2 + 6*a + 4. Give l(-3).
31
Let s(y) = y**3 + 9*y**2 + 7*y - 1. What is s(-9)?
-64
Let w(i) = -i**3 - 8*i**2 - 18*i + 9. Determine w(-4).
17
Let o(n) = 3*n - 3. Give o(3).
6
Let k(y) = -y**2 - 6*y + 7. Determine k(3).
-20
Let v(w) = -w + 13. Give v(-16).
29
Let l(h) = -h**3 + 4*h**2 + h - 8. What is l(2)?
2
Let j(s) = -2*s - 40. Calculate j(-19).
-2
Let j(y) = 17*y - 28. Calculate j(0).
-28
Let o(n) = -n**2 + n + 8. What is o(0)?
8
Let i(d) = 13*d - 16. Calculate i(2).
10
Let p(x) = 2*x**2 - 8*x - 1. Determine p(6).
23
Let f(m) = -m**3 + m - 15. Calculate f(0).
-15
Let q(d) = -d**2 + d + 21. Give q(6).
-9
Let o(c) = 3*c**3 - 9*c + 8. Give o(1).
2
Let n(p) = p**2 + p - 1. Calculate n(-4).
11
Let n(h) = h**2 - 8*h + 5. Give n(8).
5
Let m(i) = i**3 + 11*i**2 - 4*i - 12. Calculate m(-12).
-108
Let h(o) = -10*o**3 - 4*o**2 + o + 2. Determine h(1).
-11
Let v(p) = -16*p + 124. What is v(10)?
-36
Let c(a) = -a**2 - 38*a - 66. What is c(-36)?
6
Let a(y) = -3*y - 11. Calculate a(12).
-47
Let k(m) = m**3 - 14*m**2 + 17*m - 7. Determine k(13).
45
Let c(d) = 6*d + 7. What is c(3)?
25
Let c(v) = v**3 - 25*v**2 - 27*v + 38. Give c(26).
12
Let q(v) = 4*v**2 - 5*v + 4. Give q(1).
3
Let y(h) = h**3 + 4*h**2 - h + 5. What is y(-4)?
9
Let i(t) = -t. What is i(3)?
-3
Let t(h) = 2*h**3 - h**2 - 2*h - 1. What is t(-2)?
-17
Let r(y) = -y - 4. What is r(9)?
-13
Let c(o) = o**3 + 9*o**2 + 6*o - 11. Determine c(-8).
5
Let o(t) = -t**2 + 35*t - 130. Cal